Let b(a) = -a**2 + a + 981. Calculate the remainder when 302 is divided by b(-30).
47
Let p = -18196 - -18670. Calculate the remainder when p is divided by 71.
48
Let c = -5187 - -5401. Calculate the remainder when c is divided by 69.
7
Let g be (-1808)/(-7) - 4/14. Suppose l - 54 = 4*w, -4*l + w + g = -w. Let z = 442 - 407. What is the remainder when l is divided by z?
31
Let j = 78 + -129. Let s be (3 - (3 + j)) + 2. Let u = s - 40. Calculate the remainder when 64 is divided by u.
12
Calculate the remainder when -1 - (169276 + 26)/(-14) is divided by 205.
202
Let m(z) = 5*z**2 - 2*z - 20. Let a be m(7). Let f = a + -159. Calculate the remainder when 155 is divided by f.
51
Suppose -5*c + 38 = 2*s + s, 0 = -5*s + 5. Suppose -c*l = -13*l + 30. Let i(r) = r**2 - 3*r - 5. Calculate the remainder when 8 is divided by i(l).
3
Let r be (-2)/(24/25 - 1). Let m = -39 + r. Suppose 38 + 60 = 2*z. Calculate the remainder when z is divided by m.
5
Let t = -128 + 130. Suppose -6*g - 6 = 2*a - t*g, 3*g + 15 = 0. What is the remainder when 25 is divided by a?
4
Let f = 548 + -362. Let s = -166 + f. Calculate the remainder when 112 is divided by s.
12
Suppose a - t = 636, -978 - 291 = -2*a + t. Calculate the remainder when a is divided by 5.
3
Suppose a = -5*k + 601, 4 = -2*a - 4. Suppose 10*q - k = -q. What is the remainder when 30 is divided by q?
8
Let z be (3/(-2))/(9/(-30)). Suppose -g + 7*u = 2*u - 56, -2*u + 280 = z*g. What is the remainder when 277 is divided by g?
53
Let g(o) = 0*o**2 - 1 + 2*o**2 + 10 - 9*o. Let p be ((-6)/(-4))/((-22)/(-88)). What is the remainder when 49 is divided by g(p)?
22
Let b(r) = -r**3 - 33*r**2 - 3*r + 73. What is the remainder when b(-33) is divided by -1*2*44/(-8)?
7
Suppose -892*c - 414 = -898*c. Let x(m) = m**3 - 4*m**2 + 6*m + 2. What is the remainder when c is divided by x(3)?
3
Suppose -4*r + q = -266, 1404*r - 2*q = 1399*r + 340. Calculate the remainder when ((-2302)/(-5))/((-6)/(-15)) is divided by r.
63
Let p = 246 - -351. Calculate the remainder when p is divided by 209.
179
Let a(c) = 43*c - 114. Let q = -418 - -421. Calculate the remainder when a(q) is divided by (-54)/(-10) + 4/(-10).
0
Suppose 5*p = 212 - 57. Let w(s) = 74*s**2 - 9*s - 1. Let d be w(1). Suppose -63*j - p = -d*j. What is the remainder when 61 is divided by j?
30
Suppose 3*m - 8*m = -25. Suppose 114 = m*z - 76. What is the remainder when z is divided by 136/68*(92/8 + -1)?
17
Suppose 5*y - 34 = -24. Suppose 0 = 4*a + 3*c - 114, 0 = -3*a + y*c - 4*c + 85. Calculate the remainder when 99 is divided by a.
18
Let q(z) = -312 + 316 - 6*z - 7*z + 46*z**2 - z**2 + 5*z**3. Calculate the remainder when q(-9) is divided by 25.
21
Calculate the remainder when 149 is divided by (((-2760)/(-28))/(-6) - 12/(-28))*-2.
21
Suppose -l = 3*u - 151, 0 = -2*u + 156*l - 151*l + 146. Calculate the remainder when ((-6)/(-4))/((-9)/(-948)) is divided by u.
52
Suppose -4*f + 5*t - 129 = -6*f, -f = -3*t - 92. Let r = 525 + -438. What is the remainder when r is divided by f?
10
Suppose 3*v - 9*v + 138 = 0. Let h(q) = -2*q**2 - 4*q + 182. Calculate the remainder when h(0) is divided by v.
21
Calculate the remainder when ((-2)/7 - 427105/(-245)) + 0 is divided by 76.
71
Suppose 24*j = 19521 + 13599. What is the remainder when j is divided by 199?
186
Let r(k) = -9 - 2*k + 17*k + 7*k**2 - 7*k. Let s be r(-6). Suppose 24 = -9*m + s. Calculate the remainder when 36 is divided by m.
17
Suppose 64*s + 20412 = 92*s. Calculate the remainder when s is divided by 46.
39
Suppose -456*h + 106470 = 363*h. What is the remainder when 1248 is divided by h?
78
Calculate the remainder when 14282/(4/(-8 - 100/(-10))) is divided by 152.
149
Suppose c + 4 = -2*j + 2, 3*c - 4*j - 34 = 0. Suppose -2*g = -c*g + 36. Calculate the remainder when ((-44)/(-28))/(-11) - 213/(-21) is divided by g.
1
Let h be -2 - -4 - 0 - -306. Suppose b = 8*b - h. Calculate the remainder when b is divided by (2/1)/(4/30).
14
Let c be (-74)/(-222) + (-14)/6 + 2. Let o(l) = 14*l**2 - 2*l - 3. What is the remainder when (-4)/(-2) + c - (-224)/1 is divided by o(-2)?
55
Suppose 208*t - 209*t = 100. Let n = -37 - t. Let p = -41 + 63. Calculate the remainder when n is divided by p.
19
Let v = 214748 - 214727. Suppose -7 - 2 = -3*u. What is the remainder when (u + 10)/((-2)/(-6)) is divided by v?
18
Let l = 25 + -25. Suppose l = g + 3*h + 1 - 6, g - 4*h = 33. Suppose z + i - g = 0, 3*z + 15 = 3*i + 84. What is the remainder when 38 is divided by z?
18
Let x be 33 + 0 + 7 + -10. Suppose -2*q - 2*h = -10, -x*h - 3 = -27*h. Calculate the remainder when 33 is divided by q.
3
Let l = 89 + -88. What is the remainder when 40 is divided by (2 - (-2)/l) + 154/22?
7
Suppose -4*y + 102 = -4*o - 22, 0 = -4*y - 2*o + 118. What is the remainder when 52 is divided by y?
22
Suppose 2*v - 4*w = 108, -54 = 3*v - 4*v - 4*w. Calculate the remainder when (3 + 275 - 9)*2/2 is divided by v.
53
Let z = 5059 + -5030. What is the remainder when 161 is divided by z?
16
Suppose 12 + 3 = 5*q. What is the remainder when q is divided by 9/18 + (4/(-18))/((-36)/81)?
0
Let y(b) = 2*b**2 - 25*b + 12. What is the remainder when 240 is divided by y(0)?
0
Let k = -301 + 303. Suppose 2*a + 86 = k*b, 11 = 3*a + 2. Calculate the remainder when b is divided by 10.
6
Calculate the remainder when 1747 is divided by -5 - (-171 + -3) - (12 + -4 - 14).
172
Suppose -3*u + 2 = -13. Suppose -u*z - 3*v = -10, 5*z - v = 2*v + 10. Calculate the remainder when 8 is divided by 2/4 + 3/z.
0
Let m = 64 - -246. Let p = m - 278. Calculate the remainder when 157 is divided by p.
29
Suppose 5*x - 1821 = 1434. Calculate the remainder when x is divided by 325.
1
Suppose -3*o = -4*o + h + 12, -4*o - 2*h = -54. Suppose -o*m - 110 = -1878. What is the remainder when m is divided by 69?
67
Let o be 7/(-63) + (-11284)/18. Let k = -178 - o. What is the remainder when k is divided by 146?
11
Let q(u) = u**3 + 32*u**2 - 77*u - 98. Calculate the remainder when 2286 is divided by q(-34).
206
Let y = -359 - -355. Suppose -2*k + 3*d + 152 = 0, 2*k - 51 - 89 = -3*d. What is the remainder when k is divided by 5*20/y*30/(-50)?
13
Suppose 411 = 8*t - 989. Let g = t + 55. What is the remainder when g is divided by 58?
56
Let m = -46 + 84. Let x = 65 - m. Suppose 49 - 9 = 2*v. Calculate the remainder when x is divided by v.
7
Let z(o) = -o**3 + 9*o**2 + 73*o + 322. What is the remainder when z(-30) is divided by 115?
112
Calculate the remainder when 2998 is divided by (-720)/96*(-40)/6.
48
Let w(l) = -2*l + 108. Let c be w(12). What is the remainder when 43 is divided by (2/6)/(c/4536)?
7
Let z(s) be the third derivative of s**6/120 + s**5/10 + s**4/24 + s**3/6 - 40*s**2. What is the remainder when 122 is divided by z(-3)?
22
Suppose -300*c + 2656 = -44. What is the remainder when 24009 is divided by c?
6
Let y(p) = -8*p - 15. Let l = 46 - 41. Suppose 2*d + 2*x = 0, 2*d + 4*x = x + l. Calculate the remainder when y(d) is divided by 7.
4
Suppose 2*p = 17*p + 97*p - 33376. What is the remainder when p is divided by 264?
34
Suppose 180*y - 162 = 153*y. What is the remainder when 217 is divided by y?
1
Let x(w) = w**3 + 18*w**2 + 16*w - 85. Let h be x(-16). Let j = h - 112. What is the remainder when j is divided by 22?
15
Suppose -2*v = -5*v + 15, -f = -v - 2. What is the remainder when 113 - (f - (-42)/(-6)) is divided by 40?
33
Suppose 5 = -2*d - 5*r, -d + r + 18 = 2*d. Suppose 2*n - 7*n + 50 = -5*b, 2*n - d = -b. Suppose f + 712 = n*f. Calculate the remainder when f is divided by 45.
43
Let t(i) = -23*i + 14. Let a be t(-4). Let n = 139 - a. What is the remainder when n is divided by 26?
7
Let m be 52/39 + 28/6. Let z = -1 + m. Suppose -z*g - 3 = -43. Calculate the remainder when g is divided by 2.
0
Let a = -1078 - -1195. What is the remainder when a is divided by 21?
12
Let z be (39/33 - 1) + 5346/(-121). Let f = 33 - z. Let w(t) = 2*t + 5. Calculate the remainder when f is divided by w(4).
12
Let o(l) = 149*l**2 - 3*l + 2. Suppose -3*y - 227 = -6*y + 2*b, -3 = 3*b. Calculate the remainder when o(1) is divided by y.
73
Let f = -480156 - -480185. What is the remainder when 4*2/((-8)/(-59)) is divided by f?
1
Suppose -6*v + 2*v = 328. Suppose -2*i - 53 + 23 = -4*x, 2*x = -i - 39. Let d = i - v. W